{"id":2,"date":"2021-05-19T22:47:37","date_gmt":"2021-05-19T20:47:37","guid":{"rendered":"http:\/\/lamalleauxmots.fr\/test\/?page_id=2"},"modified":"2024-01-17T15:10:51","modified_gmt":"2024-01-17T14:10:51","slug":"page-d-exemple","status":"publish","type":"page","link":"https:\/\/lamalleauxmots.fr\/test\/","title":{"rendered":"Pr\u00e9sentation"},"content":{"rendered":"\n<p id=\"block-7aab5e12-e9e7-4094-a0d2-512ae642979d\">Une \u00e9quipe de 3 psychologues cliniciennes pour recevoir en entretiens individuels ou familiaux enfants, adolescents, fratries, familles, adultes et pour accompagner des \u00e9quipes de professionnels dans la compr\u00e9hension d&rsquo;une situation, dans les secteurs scolaire, social et de l&rsquo;animation.<\/p>\n\n\n\n<p id=\"block-f9eade82-5544-44cf-89e0-de7c597d25d4\">Ce projet est n\u00e9 de la volont\u00e9 de cr\u00e9er un service de proximit\u00e9 sur le pays d&rsquo;Ancenis, en lien avec les acteurs locaux. <\/p>\n\n\n\n<p>Bient\u00f4t 20 ans que la Malle aux Mots est \u00e0 votre \u00e9coute !<\/p>\n\n\n\n<div class=\"wp-block-columns is-layout-flex wp-container-core-columns-is-layout-1 wp-block-columns-is-layout-flex\">\n<div class=\"wp-block-column is-layout-flow wp-block-column-is-layout-flow\">\n<figure class=\"wp-block-image size-large\"><img loading=\"lazy\" decoding=\"async\" width=\"1024\" height=\"768\" src=\"http:\/\/lamalleauxmots.fr\/test\/wp-content\/uploads\/2023\/01\/IMG_20220121_150025-1024x768.jpg\" alt=\"La fa\u00e7ade\" class=\"wp-image-144\" srcset=\"https:\/\/lamalleauxmots.fr\/test\/wp-content\/uploads\/2023\/01\/IMG_20220121_150025-1024x768.jpg 1024w, https:\/\/lamalleauxmots.fr\/test\/wp-content\/uploads\/2023\/01\/IMG_20220121_150025-300x225.jpg 300w, https:\/\/lamalleauxmots.fr\/test\/wp-content\/uploads\/2023\/01\/IMG_20220121_150025-768x576.jpg 768w, https:\/\/lamalleauxmots.fr\/test\/wp-content\/uploads\/2023\/01\/IMG_20220121_150025-1536x1152.jpg 1536w, https:\/\/lamalleauxmots.fr\/test\/wp-content\/uploads\/2023\/01\/IMG_20220121_150025-2048x1536.jpg 2048w\" sizes=\"auto, (max-width: 706px) 89vw, (max-width: 767px) 82vw, 740px\" \/><figcaption class=\"wp-element-caption\">La fa\u00e7ade<\/figcaption><\/figure>\n<\/div>\n\n\n\n<div class=\"wp-block-column is-layout-flow wp-block-column-is-layout-flow\">\n<figure class=\"wp-block-image size-large\"><img loading=\"lazy\" decoding=\"async\" width=\"1024\" height=\"768\" src=\"http:\/\/lamalleauxmots.fr\/test\/wp-content\/uploads\/2023\/01\/IMG_20220121_174536-1024x768.jpg\" alt=\"La salle d'attente\" class=\"wp-image-143\" srcset=\"https:\/\/lamalleauxmots.fr\/test\/wp-content\/uploads\/2023\/01\/IMG_20220121_174536-1024x768.jpg 1024w, https:\/\/lamalleauxmots.fr\/test\/wp-content\/uploads\/2023\/01\/IMG_20220121_174536-300x225.jpg 300w, https:\/\/lamalleauxmots.fr\/test\/wp-content\/uploads\/2023\/01\/IMG_20220121_174536-768x576.jpg 768w, https:\/\/lamalleauxmots.fr\/test\/wp-content\/uploads\/2023\/01\/IMG_20220121_174536-1536x1152.jpg 1536w, https:\/\/lamalleauxmots.fr\/test\/wp-content\/uploads\/2023\/01\/IMG_20220121_174536-2048x1536.jpg 2048w\" sizes=\"auto, (max-width: 706px) 89vw, (max-width: 767px) 82vw, 740px\" \/><figcaption class=\"wp-element-caption\">La salle d&rsquo;attente<\/figcaption><\/figure>\n<\/div>\n<\/div>\n\n\n\n<div class=\"wp-block-columns is-layout-flex wp-container-core-columns-is-layout-2 wp-block-columns-is-layout-flex\">\n<div class=\"wp-block-column is-layout-flow wp-block-column-is-layout-flow\">\n<figure class=\"wp-block-image size-large\"><img loading=\"lazy\" decoding=\"async\" width=\"1024\" height=\"768\" src=\"https:\/\/lamalleauxmots.fr\/test\/wp-content\/uploads\/2024\/01\/20230215_111438-1024x768.jpg\" alt=\"\" class=\"wp-image-182\" srcset=\"https:\/\/lamalleauxmots.fr\/test\/wp-content\/uploads\/2024\/01\/20230215_111438-1024x768.jpg 1024w, https:\/\/lamalleauxmots.fr\/test\/wp-content\/uploads\/2024\/01\/20230215_111438-300x225.jpg 300w, https:\/\/lamalleauxmots.fr\/test\/wp-content\/uploads\/2024\/01\/20230215_111438-768x576.jpg 768w, https:\/\/lamalleauxmots.fr\/test\/wp-content\/uploads\/2024\/01\/20230215_111438-1536x1152.jpg 1536w, https:\/\/lamalleauxmots.fr\/test\/wp-content\/uploads\/2024\/01\/20230215_111438-2048x1536.jpg 2048w\" sizes=\"auto, (max-width: 706px) 89vw, (max-width: 767px) 82vw, 740px\" \/><figcaption class=\"wp-element-caption\">Un bureau<\/figcaption><\/figure>\n<\/div>\n\n\n\n<div class=\"wp-block-column is-layout-flow wp-block-column-is-layout-flow\">\n<figure class=\"wp-block-image size-large\"><img loading=\"lazy\" decoding=\"async\" width=\"1024\" height=\"768\" src=\"https:\/\/lamalleauxmots.fr\/test\/wp-content\/uploads\/2024\/01\/20230113_141707-1024x768.jpg\" alt=\"\" class=\"wp-image-183\" srcset=\"https:\/\/lamalleauxmots.fr\/test\/wp-content\/uploads\/2024\/01\/20230113_141707-1024x768.jpg 1024w, https:\/\/lamalleauxmots.fr\/test\/wp-content\/uploads\/2024\/01\/20230113_141707-300x225.jpg 300w, https:\/\/lamalleauxmots.fr\/test\/wp-content\/uploads\/2024\/01\/20230113_141707-768x576.jpg 768w, https:\/\/lamalleauxmots.fr\/test\/wp-content\/uploads\/2024\/01\/20230113_141707-1536x1152.jpg 1536w, https:\/\/lamalleauxmots.fr\/test\/wp-content\/uploads\/2024\/01\/20230113_141707-2048x1536.jpg 2048w\" sizes=\"auto, (max-width: 706px) 89vw, (max-width: 767px) 82vw, 740px\" \/><figcaption class=\"wp-element-caption\">Un bureau<\/figcaption><\/figure>\n<\/div>\n<\/div>\n\n\n\n<div class=\"wp-block-columns is-layout-flex wp-container-core-columns-is-layout-3 wp-block-columns-is-layout-flex\">\n<div class=\"wp-block-column is-layout-flow wp-block-column-is-layout-flow\">\n<figure class=\"wp-block-image size-large\"><img loading=\"lazy\" decoding=\"async\" width=\"768\" height=\"1024\" src=\"http:\/\/lamalleauxmots.fr\/test\/wp-content\/uploads\/2023\/09\/IMG_20230924_195949-768x1024.jpg\" alt=\"\" class=\"wp-image-172\" srcset=\"https:\/\/lamalleauxmots.fr\/test\/wp-content\/uploads\/2023\/09\/IMG_20230924_195949-768x1024.jpg 768w, https:\/\/lamalleauxmots.fr\/test\/wp-content\/uploads\/2023\/09\/IMG_20230924_195949-225x300.jpg 225w, https:\/\/lamalleauxmots.fr\/test\/wp-content\/uploads\/2023\/09\/IMG_20230924_195949-1152x1536.jpg 1152w, https:\/\/lamalleauxmots.fr\/test\/wp-content\/uploads\/2023\/09\/IMG_20230924_195949-1536x2048.jpg 1536w, https:\/\/lamalleauxmots.fr\/test\/wp-content\/uploads\/2023\/09\/IMG_20230924_195949-scaled.jpg 1920w\" sizes=\"auto, (max-width: 706px) 89vw, (max-width: 767px) 82vw, 740px\" \/><figcaption class=\"wp-element-caption\">Un bureau<\/figcaption><\/figure>\n<\/div>\n\n\n\n<div class=\"wp-block-column is-layout-flow wp-block-column-is-layout-flow\"><\/div>\n<\/div>\n","protected":false},"excerpt":{"rendered":"<p>Une \u00e9quipe de 3 psychologues cliniciennes pour recevoir en entretiens individuels ou familiaux enfants, adolescents, fratries, familles, adultes et pour accompagner des \u00e9quipes de professionnels dans la compr\u00e9hension d&rsquo;une situation, dans les secteurs scolaire, social et de l&rsquo;animation. Ce projet est n\u00e9 de la volont\u00e9 de cr\u00e9er un service de proximit\u00e9 sur le pays d&rsquo;Ancenis, &hellip; <\/p>\n<p class=\"link-more\"><a href=\"https:\/\/lamalleauxmots.fr\/test\/\" class=\"more-link\">Continuer la lecture<span class=\"screen-reader-text\"> de &laquo;&nbsp;Pr\u00e9sentation&nbsp;&raquo;<\/span><\/a><\/p>\n","protected":false},"author":1,"featured_media":0,"parent":0,"menu_order":0,"comment_status":"closed","ping_status":"open","template":"","meta":{"footnotes":""},"class_list":["post-2","page","type-page","status-publish","hentry"],"_links":{"self":[{"href":"https:\/\/lamalleauxmots.fr\/test\/index.php\/wp-json\/wp\/v2\/pages\/2","targetHints":{"allow":["GET"]}}],"collection":[{"href":"https:\/\/lamalleauxmots.fr\/test\/index.php\/wp-json\/wp\/v2\/pages"}],"about":[{"href":"https:\/\/lamalleauxmots.fr\/test\/index.php\/wp-json\/wp\/v2\/types\/page"}],"author":[{"embeddable":true,"href":"https:\/\/lamalleauxmots.fr\/test\/index.php\/wp-json\/wp\/v2\/users\/1"}],"replies":[{"embeddable":true,"href":"https:\/\/lamalleauxmots.fr\/test\/index.php\/wp-json\/wp\/v2\/comments?post=2"}],"version-history":[{"count":14,"href":"https:\/\/lamalleauxmots.fr\/test\/index.php\/wp-json\/wp\/v2\/pages\/2\/revisions"}],"predecessor-version":[{"id":184,"href":"https:\/\/lamalleauxmots.fr\/test\/index.php\/wp-json\/wp\/v2\/pages\/2\/revisions\/184"}],"wp:attachment":[{"href":"https:\/\/lamalleauxmots.fr\/test\/index.php\/wp-json\/wp\/v2\/media?parent=2"}],"curies":[{"name":"wp","href":"https:\/\/api.w.org\/{rel}","templated":true}]}}